 Suppose 2*a - 4*z = 7*a - 89, 5*a + 2*z - 87 = 0. Calculate the remainder when i is divided by a.
14
Let j = 16 + -3. Suppose -6*t = q - t + 10, -j = -2*q + t. What is the remainder when q is divided by 3?
2
What is the remainder when 69 is divided by 5/10*6 + 15?
15
Suppose 9*l = 4*l + 25. Suppose s + 20 - l = m, 4*s + 79 = 5*m. What is the remainder when 73 is divided by m?
16
Suppose 4*y - 3*q = 67, -5*y - 2*q - q = -104. Calculate the remainder when 54 is divided by y.
16
Let m(s) = 2*s - 2. What is the remainder when 12 is divided by m(3)?
0
Suppose 5*t - 3*i + 44 = -5*i, 4*t + 49 = 3*i. Suppose -30 = -3*s - 6. What is the remainder when (-8)/20 - 154/t is divided by s?
7
Let g = 9 + 3. Let u = 31 - 28. Suppose 0 = 2*i + a - 65, -47 = -u*i + 4*a + 67. What is the remainder when i is divided by g?
10
Let j(k) = -k**2 - k. Let z be j(-1). Suppose 3*a - 3*i - 9 = z, 4*a = -3*i + 3 + 23. Calculate the remainder when a is divided by ((-1)/(-2)*-2)/(2/(-8)).
1
Suppose -q - 15 = -6*q. Calculate the remainder when 16 is divided by q.
1
Suppose 88 = f - m + 4*m, -2*m = 3*f - 236. Suppose -3*y + 26 + f = 0. What is the remainder when y is divided by 9?
7
Let j(g) = -g**2 + 11*g - 6. What is the remainder when j(10) is divided by 2?
0
Let h be 2*(1060/8)/5. Suppose -h - 51 = -4*j. Calculate the remainder when j is divided by (-43)/(-5) - 4/(-10).
8
Let m(j) = j + 19. Let s be (-1)/1 - 411/3. Let y = -95 - s. Calculate the remainder when y is divided by m(-8).
10
Suppose -2*w - 3*j + 5*j = -14, -j + 65 = 5*w. Let b = 117 - 112. Calculate the remainder when w is divided by b.
2
Let n = 9 + 1. Suppose -2*a - 27 = 5*d - 2, 4*a = 2*d + 10. Suppose -6*o + o + 195 = a. What is the remainder when o is divided by n?
9
Suppose -14 = v - 42. Let s(h) = 10*h. Calculate the remainder when v is divided by s(1).
8
Let h = 18 - 17. Suppose -4*r - 2*o - o + 24 = 0, r - 2*o = 17. What is the remainder when r is divided by (5/2)/(h/2)?
4
Let h(u) = -4*u + 1. Let v be (6/4)/(2/(-4)). Calculate the remainder when h(v) is divided by (1/(-2))/(2/(-28)).
6
Let a(o) = -o**3 + 4*o**2 + 5*o + 1. Calculate the remainder when a(5) is divided by ((-16)/12 + 1)*-3.
0
Let h = 7 + -5. Suppose 3*n - 2*n = h*d - 5, 4*n - 40 = -4*d. Let w = -3 - -6. Calculate the remainder when n is divided by w.
2
Suppose 2*k - t - 46 = 4*t, 5*k + t - 169 = 0. Calculate the remainder when (-2)/3 - (-1705)/k is divided by 14.
9
Suppose 0 = 4*d + 4 + 16, -121 = -2*x + 3*d. Calculate the remainder when x is divided by 11.
9
What is the remainder when (212/9)/2 - (-4)/18 is divided by 5?
2
Suppose -2*c = -3*c + 4*o + 49, 0 = -4*c + o + 136. Calculate the remainder when c is divided by 7.
5
Suppose -3*h + 57 = 5*d, d + 3*h - 24 = -3. What is the remainder when 16 is divided by d?
7
Suppose 3*u + 4 = 43. What is the remainder when u is divided by 7?
6
Let g(s) = -s**2 - 19*s - 15. Let c(l) = 4*l + 1. Let r be c(-4). Calculate the remainder when g(r) is divided by 16.
13
Let j = 2 - -32. Let b = -11 - -20. Calculate the remainder when j is divided by b.
7
Suppose 2*x - 18 - 7 = 5*l, -l = 3*x + 5. Let d(v) = -v + 4. Calculate the remainder when 16 is divided by d(l).
7
Suppose 2*f + 3*f = 90. Let w = 45 + -10. Calculate the remainder when w is divided by f.
17
Suppose 0 = 3*h - 461 + 170. Calculate the remainder when h is divided by 49.
48
Calculate the remainder when 83 is divided by (9/(0 - -3))/((-4)/(-28)).
20
Suppose 0 = -3*b - 47 + 230. Suppose 4*a + 2*c - 84 = 8, -50 = -2*a - 2*c. Calculate the remainder when b is divided by a.
19
Suppose -4*f = -8*f + 60. Let x = -106 - -149. Calculate the remainder when x is divided by f.
13
Let g = -7 + 57. Suppose -b = 4*v - g, -2*b + 0*b + 89 = -3*v. What is the remainder when b is divided by 16?
14
Suppose 3*i - 2*d + d + 1 = 0, 5*d = 3*i + 17. Suppose -29 = -4*n - i. Let p = -26 + 39. What is the remainder when p is divided by n?
6
Let f = 18 - -9. Let g(u) = -4*u - 1 - 5 + 1 + u. Calculate the remainder when f is divided by g(-5).
7
Let j = 19 + -18. Suppose 4*t - 4 = 0, -2*t = -k + 2*t + 6. What is the remainder when (j + 1)/(2/37) is divided by k?
7
Suppose 4*q = 5*o - 130, o - 3*q + 78 = 4*o. Suppose 0 = k + 2*v - o, v + 2*v - 15 = 0. Suppose -47 = -4*g - 11. What is the remainder when k is divided by g?
7
What is the remainder when 1157/26 + 2 + 3/(-2) is divided by 16?
13
Let u = -9 - 27. Let y be (-380)/(-7) + (-2)/7. Let v = y + u. Calculate the remainder when v is divided by 10.
8
Let k be (-1614)/(-15) + (-6)/(-15). Suppose 0 = -4*f + k + 8. What is the remainder when f is divided by 16?
13
Suppose 4*p - 60 = -p. Suppose -3*u + 17 = -121. What is the remainder when u is divided by p?
10
Let y(g) = g**2 - 12*g + 11. Let l be y(8). Let s = l - -36. Let q = s + 4. What is the remainder when q is divided by 10?
9
Let y be -1*(1 + -8 + -2). Suppose 2*w = 37 - y. Suppose 2*j - w = 4. What is the remainder when 26 is divided by j?
8
Let b = 1 + 11. Suppose 2*v = -4, -f + 2*v = -11 - 0. What is the remainder when b is divided by f?
5
Let n(q) = -4*q + 12. What is the remainder when 63 is divided by n(1)?
7
Let s = -84 - -130. Suppose -5*n + 8 + 56 = 2*u, 0 = -2*u + 4. What is the remainder when s is divided by n?
10
Let s(o) be the third derivative of -o**4/24 - 3*o**3/2 - o**2. Let j be s(-5). Calculate the remainder when j/(-16) + 142/8 is divided by 10.
8
Let t(z) = -z + 13. Let h be t(10). Suppose 11 = h*w - 2*w. What is the remainder when w is divided by 4?
3
Suppose 5*i - 71 = 2*v, -5 = -i + 6*v - v. Let p(k) = -k**3 - k**2 + 5*k + 3. What is the remainder when i is divided by p(-3)?
3
Let w(j) = -j - 3. Let g be w(-4). Suppose -2*v - 5*o + g = -8, 0 = 3*v - 3*o - 45. Let s = v - -18. What is the remainder when s is divided by 16?
14
Let q(r) = -r**3 - 11*r**2 + 10*r + 21. Calculate the remainder when q(-12) is divided by 25.
20
Let v = 134 - 94. Suppose 7*w + 38 - 185 = 0. Calculate the remainder when v is divided by w.
19
Suppose 5*w - 36 - 44 = 0. Calculate the remainder when w is divided by 9.
7
Let z(b) = b**3 - 5*b**2 - b - 14. What is the remainder when z(6) is divided by 12?
4
Suppose 5*r + i - 38 = 0, 0 = -3*r - 0*i + i + 26. Calculate the remainder when 27 is divided by r.
3
Let t(k) = 3*k**2 - 1. Calculate the remainder when t(6) is divided by 36.
35
Suppose o - 4*o - 213 = 0. Let k = 106 + o. What is the remainder when k is divided by 18?
17
What is the remainder when (5 + 116/4)*3/2 is divided by 28?
23
Suppose 2*p - 5*j - 97 = 0, 5*p - 260 = -9*j + 4*j. Calculate the remainder when p is divided by 18.
15
Suppose -5*y + 71 = 26. What is the remainder when 32 is divided by y?
5
Let h(q) = q**3 + 2*q**2 - 3*q + 4. Let u be h(-3). Suppose -36 + 96 = u*o. Calculate the remainder when 2 + 5/(15/81) is divided by o.
14
Let x(g) be the second derivative of g**4/12 + 5*g**3/6 + 5*g**2/2 - 2*g. Let i = 0 + -6. Calculate the remainder when 21 is divided by x(i).
10
Let u(x) = -x + 42. Let d = 17 - -5. What is the remainder when u(0) is divided by d?
20
Suppose -4*v + z + 3*z - 8 = 0, 11 = 2*v + z. What is the remainder when 177*(-2)/(-18)*v is divided by 15?
14
Suppose 4*c - 33 + 101 = 0. Let j = c - -22. Calculate the remainder when j is divided by 4.
1
Let f(t) = -t**3 + 10*t**2 + t + 10. Suppose 16*s + 551 = 1799. Calculate the remainder when s is divided by f(10).
18
Suppose 0 = 2*j - 2*p - 8, j + p + 16 = 5*j. Suppose 0 = 5*t + j*z - 60, 2*t - 2*z = 7*t - 50. Calculate the remainder when t is divided by 3.
2
Suppose 2*t - 136 = -2*u, 5*t + 194 = 3*u + 6*t. Suppose 0 = 4*w - y - u, y = 3*w + 2*y - 56. What is the remainder when w is divided by 6?
5
Suppose -2*h = -2*k + 2*h + 28, 3*h + 49 = 5*k. Calculate the remainder when 37 is divided by k.
5
Suppose 2*b - b = 148. Suppose 5*j - b = j. Calculate the remainder when j is divided by 13.
11
Let s = 9 - -16. Suppose -3*h = 4*v - 46, 3*v - 5*h - 1 - 48 = 0. Calculate the remainder when s is divided by v.
12
Suppose 4*k + 11*d = 8*d + 139, k = 2*d + 21. Calculate the remainder when 147 is divided by k.
23
Suppose 3*f - h + 18 = 5*f, 4*h = 5*f - 58. What is the remainder when f is divided by 7?
3
Let t = 84 + -50. What is the remainder when t is divided by 18?
16
Let y = -4 + 43. What is the rem